{"id":366,"date":"2020-07-30T15:46:00","date_gmt":"2020-07-30T13:46:00","guid":{"rendered":"https:\/\/msgudjonsdottir.com\/?page_id=366"},"modified":"2022-01-22T15:09:22","modified_gmt":"2022-01-22T14:09:22","slug":"hyper-2017","status":"publish","type":"page","link":"https:\/\/msgudjonsdottir.com\/index.php\/hyper-2017\/","title":{"rendered":"HYPER &#8211; CULLBERG BALLET (2017)"},"content":{"rendered":"<p>[et_pb_section fb_built=&#8221;1&#8243; admin_label=&#8221;PERFORMANCES&#8221; _builder_version=&#8221;4.4.8&#8243; background_color=&#8221;#ece9ea&#8221; global_colors_info=&#8221;{}&#8221;][et_pb_row admin_label=&#8221;HYPER (2017)&#8221; _builder_version=&#8221;4.4.8&#8243; global_colors_info=&#8221;{}&#8221;][et_pb_column type=&#8221;4_4&#8243; _builder_version=&#8221;4.4.8&#8243; global_colors_info=&#8221;{}&#8221;][et_pb_text admin_label=&#8221;HYPER (2017)&#8221; _builder_version=&#8221;4.11.1&#8243; text_font=&#8221;Dosis||||||||&#8221; text_text_color=&#8221;#8e8e8e&#8221; header_text_align=&#8221;center&#8221; header_text_color=&#8221;#595758&#8243; header_2_font=&#8221;|||on|||||&#8221; header_2_text_align=&#8221;center&#8221; header_2_text_color=&#8221;#777777&#8243; text_orientation=&#8221;justified&#8221; custom_margin=&#8221;|150px||150px|false|false&#8221; custom_margin_tablet=&#8221;|80px||80px|false|false&#8221; custom_margin_phone=&#8221;|15px||15px|false|false&#8221; custom_margin_last_edited=&#8221;on|phone&#8221; global_colors_info=&#8221;{}&#8221;]<\/p>\n<h2><strong>HYPER (2017)- Cullberg Ballet\u00a0<\/strong><\/h2>\n<p>[\/et_pb_text][et_pb_image src=&#8221;https:\/\/msgudjonsdottir.com\/wp-content\/uploads\/2020\/08\/Hyper_A3-1-scaled.jpg&#8221; title_text=&#8221;Hyper_A3&#8243; align=&#8221;center&#8221; _builder_version=&#8221;4.5.8&#8243; _module_preset=&#8221;default&#8221; custom_padding=&#8221;|150px||150px|false|false&#8221; animation_style=&#8221;fade&#8221; animation_duration=&#8221;2000ms&#8221; global_colors_info=&#8221;{}&#8221;][\/et_pb_image][et_pb_text admin_label=&#8221;HYPER (2017)&#8221; _builder_version=&#8221;4.5.6&#8243; text_font=&#8221;Dosis||||||||&#8221; text_text_color=&#8221;#8e8e8e&#8221; header_text_align=&#8221;center&#8221; header_text_color=&#8221;#595758&#8243; text_orientation=&#8221;justified&#8221; custom_margin=&#8221;|150px||150px|false|false&#8221; custom_margin_tablet=&#8221;|80px||80px|false|false&#8221; custom_margin_phone=&#8221;|15px||15px|false|false&#8221; custom_margin_last_edited=&#8221;on|phone&#8221; global_colors_info=&#8221;{}&#8221;]<\/p>\n<h3>\u00a0<\/h3>\n<h3>\u00a0<\/h3>\n<h3><b>Synopsis &amp; credits<\/b><\/h3>\n<p>&nbsp;<\/p>\n<p><b><i>\u201cPapa says that I\u2019m a golden child and the whole world\u2019s gonna fall at my feet. It\u2019s all coming to me.\u201d \u00a0<\/i><em>Nathalie Merchant<\/em><\/b><\/p>\n<p>With her new commissioned work,\u00a0<b>HYPER<\/b>, Margret Sara Gudjonsdottir holds up a mirror to the hyper visual and rapid society we live in today, by dwelling on and inside the deep tissue, both of this very palpable reality and of the bodies living within it. Performed by four dancers of the Cullbergbaletten ensemble, the work portraits the essence of the grand human drama as a cry from the body. Emotions flush through this body without a filter, allowing the viewer to experience extreme sensorial states through the bodies of the dancers. The performance silently creeps under the audience\u2019s skin, sliding around their inner spaces and confronting the surface as a gateway into what lies beneath and beyond our superficial facade. A disarming performance in its crisp stillness, the work offers access into the healing aspects of examining and confronting the inner reality of the de-bordered body, providing an alternative reality of the physical pleasure and pain that comes with diving into the HYPER states.<b><span class=\"Apple-converted-space\">\u00a0<\/span><\/b><\/p>\n<p><b>Choreography<\/b>: Margret Sara Gu\u00f0j\u00f3nsd\u00f3ttir\/<b>Music:<\/b> David Kiers and MSG\/<b>Lighting design<\/b>: Martin Beeretz\/<b>Dancers of Cullberg Ballet<\/b>: Adam Sch\u00fctt, Anand Bolder, Eleanor Campbell, Vincent Van der Plas.<b> Produced by the Cullberg Ballet<\/b><\/p>\n<h3>\u00a0<\/h3>\n<h3><strong>Reviews<\/strong><\/h3>\n<p>&nbsp;<\/p>\n<p><strong>Cullbergbaletten\u2019s \u201cHyper&#8221; is a remarkable, compelling masterpiece and a rumination on the \u201cwired\u201d nature of modern life. It is not to be missed, writes \u00d6rjan Abrahamsson.<\/strong>\u00a0<\/p>\n<p>While watching the performance I am struck and fascinated by Margr\u00e9t Sara Gu\u00f0j\u00f3nsd\u00f3ttir \u2019s choreographic consistency. This impression lingers after the curtain falls, as does my awe at the impressive concentration of the four dancers. I\u2019m also left mildly amused, vaguely bored, and pensive &#8211; but not particularly interested, let alone moved.\u00a0It is only later, as I make my way home &#8211; alone, having parted ways with my companion &#8211; that the performance\u2019s magnetic force begins to sink in. Gradually, my intellect catches up with the intense, physical experience of the ballet. This makes \u201cHyper\u201d a prime example of perhaps the most unique aspect of the greatest choreographic accomplishments.<span class=\"Apple-converted-space\">\u00a0<\/span>It takes a fair amount of time for the subconscious and the brain&#8217;s limbic system to communicate the physical body&#8217;s reactions to consciousness. When this connection finally occurs, the effect is overwhelming. Such is the case with \u201cHyper.\u201d It is shocking. Long-acting.\u00a0Let\u2019s take it from the beginning.When taken at face value, \u201cHyper\u201d is almost provocatively simple. The curtain rises on four dancers. Two are standing, while the other two lie on the floor. Their placement is reminiscent of a crime scene photo. Blue-white floors shimmer against a backdrop of white curtains. During the 50-minute performance, the dancers move convulsively in extreme slow motion. They are never more than three meters from their starting points, yet some small part of their bodies remains in constant motion. It is as if they are trapped in setting cement.<span class=\"Apple-converted-space\">\u00a0<\/span><\/p>\n<p>Aside from four short song clips, \u201cHyper\u201d is accompanied only by Tibetan throat singing &#8211; strange, discordant, and vaguely synthetic. That is all. Yet this is a hyper-professional performance.\u00a0It is not without reason that Gu\u00f0j\u00f3nsd\u00f3ttir has become one of the decade\u2019s most acclaimed and sought-after choreographers. Her work is highly conceptual, yet at the same time, it is of course fundamentally based in the human body. This dichotomy can be seen in Gu\u00f0j\u00f3nsd\u00f3ttir \u2019s early solo, \u201cSoft target,\u201d (DN 14\/10, 2012) which \u201cHyper\u201d resembles in many respects. At the same time, it is a completely different work. Both works are based in the existential, but \u201cHyper\u201d is also a chamber play about the shortcomings of social life.<span class=\"Apple-converted-space\">\u00a0<\/span><\/p>\n<p>As with all significant works of art, \u201cHyper\u201d leaves room for layer upon layer of interpretation. Personally, I find myself hung up on the dystopian undertones of the performance &#8211; on its questioning of how today\u2019s stressful news cycles, our inextricably wired lives, and social media affect us. Of how they affect mankind. Rather than increasing our freedom, this interconnectivity creates a lack of patience that is effectively portrayed by the physically stammering, even catatonic individuals on the stage. They also appear unable to communicate with each other.\u00a0At the same time, Gu\u00f0j\u00f3nsd\u00f3ttir offers hope. She demonstrates and reminds the spectator of the sensational physicality of the human body, and, if only we are attentive enough, of its unmistakable presence. In the best case scenario, it is only when we see and recognize our own (and contemporary society\u2019s) spastic condition that we can \u201cchill out,\u201d relax, and be freed.\u00a0In short: \u201cHyper\u201d is a stunning, captivating masterpiece. It is not to be missed.<\/p>\n<p><em>01.03.2018 O\u0308rjan Abrahamsson, Dagens Nyheter, Stockholm<\/em><\/p>\n<h6>\u00a0<\/h6>\n<h3><strong>Trailer &#8211; photos<\/strong><\/h3>\n<p>[\/et_pb_text][et_pb_video src=&#8221;https:\/\/www.youtube.com\/watch?v=-5lqZSERWks&#8221; src_webm=&#8221;https:\/\/www.youtube.com\/watch?v=-5lqZSERWks&#8221; image_src=&#8221;\/\/i.ytimg.com\/vi\/-5lqZSERWks\/hqdefault.jpg&#8221; thumbnail_overlay_color=&#8221;rgba(0,0,0,0.6)&#8221; module_class=&#8221;lwp-no-download&#8221; _builder_version=&#8221;4.10.7&#8243; _module_preset=&#8221;default&#8221; global_colors_info=&#8221;{}&#8221;][\/et_pb_video][et_pb_gallery gallery_ids=&#8221;730,558,563,559,105,560,562,564,565&#8243; fullwidth=&#8221;on&#8221; _builder_version=&#8221;4.5.6&#8243; _module_preset=&#8221;default&#8221; global_colors_info=&#8221;{}&#8221;][\/et_pb_gallery][\/et_pb_column][\/et_pb_row][\/et_pb_section]<\/p>\n","protected":false},"excerpt":{"rendered":"<p>HYPER (2017)- Cullberg Ballet\u00a0\u00a0 \u00a0 Synopsis &amp; credits &nbsp; \u201cPapa says that I\u2019m a golden child and the whole world\u2019s gonna fall at my feet. It\u2019s all coming to me.\u201d \u00a0Nathalie Merchant With her new commissioned work,\u00a0HYPER, Margret Sara Gudjonsdottir holds up a mirror to the hyper visual and rapid society we live in today, [&hellip;]<\/p>\n","protected":false},"author":1,"featured_media":0,"parent":0,"menu_order":0,"comment_status":"closed","ping_status":"closed","template":"","meta":{"_et_pb_use_builder":"on","_et_pb_old_content":"<!-- wp:paragraph -->\r\n<p>Ceci est une page d\u2019exemple. C\u2019est diff\u00e9rent d\u2019un article de blog parce qu\u2019elle restera au m\u00eame endroit et appara\u00eetra dans la navigation de votre site (dans la plupart des th\u00e8mes). La plupart des gens commencent par une page \u00ab\u00a0\u00c0 propos\u00a0\u00bb qui les pr\u00e9sente aux visiteurs du site. Cela pourrait ressembler \u00e0 quelque chose comme cela\u00a0:<\/p>\r\n<!-- \/wp:paragraph --><!-- wp:quote -->\r\n<blockquote class=\"wp-block-quote\">\r\n<p>Bonjour\u00a0! Je suis un m\u00e9canicien qui aspire \u00e0 devenir acteur, et voici mon site. J\u2019habite \u00e0 Bordeaux, j\u2019ai un super chien baptis\u00e9 Russell, et j\u2019aime la vodka-ananas (ainsi qu\u2019\u00eatre surpris par la pluie soudaine lors de longues balades sur la plage au coucher du soleil).<\/p>\r\n<\/blockquote>\r\n<!-- \/wp:quote --><!-- wp:paragraph -->\r\n<p>... ou quelque chose comme cela\u00a0:<\/p>\r\n<!-- \/wp:paragraph --><!-- wp:quote -->\r\n<blockquote class=\"wp-block-quote\">\r\n<p>La soci\u00e9t\u00e9 123 Machin Truc a \u00e9t\u00e9 cr\u00e9\u00e9e en 1971, et n\u2019a cess\u00e9 de proposer au public des machins-trucs de qualit\u00e9 depuis lors. Situ\u00e9e \u00e0 Saint-Remy-en-Bouzemont-Saint-Genest-et-Isson, 123 Machin Truc emploie 2 000 personnes, et fabrique toutes sortes de bidules super pour la communaut\u00e9 bouzemontoise.<\/p>\r\n<\/blockquote>\r\n<!-- \/wp:quote --><!-- wp:paragraph -->\r\n<p>En tant que nouvel\u00b7le utilisateur ou utilisatrice de WordPress, vous devriez vous rendre sur <a href=\"http:\/\/msgudjonsdottir.com\/wp-admin\/\">votre tableau de bord<\/a> pour supprimer cette page et cr\u00e9er de nouvelles pages pour votre contenu. Amusez-vous bien\u00a0!<\/p>\r\n<!-- \/wp:paragraph -->","_et_gb_content_width":"","footnotes":""},"class_list":["post-366","page","type-page","status-publish","hentry"],"yoast_head":"<!-- This site is optimized with the Yoast SEO plugin v27.4 - https:\/\/yoast.com\/product\/yoast-seo-wordpress\/ -->\n<title>HYPER - CULLBERG BALLET (2017) - MARGRET SARA GUDJONSDOTTIR<\/title>\n<meta name=\"robots\" content=\"index, follow, max-snippet:-1, max-image-preview:large, max-video-preview:-1\" \/>\n<link rel=\"canonical\" href=\"https:\/\/msgudjonsdottir.com\/index.php\/hyper-2017\/\" \/>\n<meta property=\"og:locale\" content=\"en_US\" \/>\n<meta property=\"og:type\" content=\"article\" \/>\n<meta property=\"og:title\" content=\"HYPER - CULLBERG BALLET (2017) - MARGRET SARA GUDJONSDOTTIR\" \/>\n<meta property=\"og:description\" content=\"HYPER (2017)- Cullberg Ballet\u00a0\u00a0 \u00a0 Synopsis &amp; credits &nbsp; \u201cPapa says that I\u2019m a golden child and the whole world\u2019s gonna fall at my feet. It\u2019s all coming to me.\u201d \u00a0Nathalie Merchant With her new commissioned work,\u00a0HYPER, Margret Sara Gudjonsdottir holds up a mirror to the hyper visual and rapid society we live in today, [&hellip;]\" \/>\n<meta property=\"og:url\" content=\"https:\/\/msgudjonsdottir.com\/index.php\/hyper-2017\/\" \/>\n<meta property=\"og:site_name\" content=\"MARGRET SARA GUDJONSDOTTIR\" \/>\n<meta property=\"article:modified_time\" content=\"2022-01-22T14:09:22+00:00\" \/>\n<meta name=\"twitter:card\" content=\"summary_large_image\" \/>\n<meta name=\"twitter:label1\" content=\"Est. reading time\" \/>\n\t<meta name=\"twitter:data1\" content=\"6 minutes\" \/>\n<script type=\"application\/ld+json\" class=\"yoast-schema-graph\">{\"@context\":\"https:\\\/\\\/schema.org\",\"@graph\":[{\"@type\":\"WebPage\",\"@id\":\"https:\\\/\\\/msgudjonsdottir.com\\\/index.php\\\/hyper-2017\\\/\",\"url\":\"https:\\\/\\\/msgudjonsdottir.com\\\/index.php\\\/hyper-2017\\\/\",\"name\":\"HYPER - CULLBERG BALLET (2017) - MARGRET SARA GUDJONSDOTTIR\",\"isPartOf\":{\"@id\":\"https:\\\/\\\/msgudjonsdottir.com\\\/#website\"},\"datePublished\":\"2020-07-30T13:46:00+00:00\",\"dateModified\":\"2022-01-22T14:09:22+00:00\",\"breadcrumb\":{\"@id\":\"https:\\\/\\\/msgudjonsdottir.com\\\/index.php\\\/hyper-2017\\\/#breadcrumb\"},\"inLanguage\":\"en-US\",\"potentialAction\":[{\"@type\":\"ReadAction\",\"target\":[\"https:\\\/\\\/msgudjonsdottir.com\\\/index.php\\\/hyper-2017\\\/\"]}]},{\"@type\":\"BreadcrumbList\",\"@id\":\"https:\\\/\\\/msgudjonsdottir.com\\\/index.php\\\/hyper-2017\\\/#breadcrumb\",\"itemListElement\":[{\"@type\":\"ListItem\",\"position\":1,\"name\":\"Home\",\"item\":\"https:\\\/\\\/msgudjonsdottir.com\\\/\"},{\"@type\":\"ListItem\",\"position\":2,\"name\":\"HYPER &#8211; CULLBERG BALLET (2017)\"}]},{\"@type\":\"WebSite\",\"@id\":\"https:\\\/\\\/msgudjonsdottir.com\\\/#website\",\"url\":\"https:\\\/\\\/msgudjonsdottir.com\\\/\",\"name\":\"MARGRET SARA GUDJONSDOTTIR\",\"description\":\"\",\"publisher\":{\"@id\":\"https:\\\/\\\/msgudjonsdottir.com\\\/#organization\"},\"potentialAction\":[{\"@type\":\"SearchAction\",\"target\":{\"@type\":\"EntryPoint\",\"urlTemplate\":\"https:\\\/\\\/msgudjonsdottir.com\\\/?s={search_term_string}\"},\"query-input\":{\"@type\":\"PropertyValueSpecification\",\"valueRequired\":true,\"valueName\":\"search_term_string\"}}],\"inLanguage\":\"en-US\"},{\"@type\":\"Organization\",\"@id\":\"https:\\\/\\\/msgudjonsdottir.com\\\/#organization\",\"name\":\"MARGRET SARA GUDJONSDOTTIR\",\"url\":\"https:\\\/\\\/msgudjonsdottir.com\\\/\",\"logo\":{\"@type\":\"ImageObject\",\"inLanguage\":\"en-US\",\"@id\":\"https:\\\/\\\/msgudjonsdottir.com\\\/#\\\/schema\\\/logo\\\/image\\\/\",\"url\":\"https:\\\/\\\/msgudjonsdottir.com\\\/wp-content\\\/uploads\\\/2020\\\/06\\\/msg.png\",\"contentUrl\":\"https:\\\/\\\/msgudjonsdottir.com\\\/wp-content\\\/uploads\\\/2020\\\/06\\\/msg.png\",\"width\":551,\"height\":90,\"caption\":\"MARGRET SARA GUDJONSDOTTIR\"},\"image\":{\"@id\":\"https:\\\/\\\/msgudjonsdottir.com\\\/#\\\/schema\\\/logo\\\/image\\\/\"}}]}<\/script>\n<!-- \/ Yoast SEO plugin. -->","yoast_head_json":{"title":"HYPER - CULLBERG BALLET (2017) - MARGRET SARA GUDJONSDOTTIR","robots":{"index":"index","follow":"follow","max-snippet":"max-snippet:-1","max-image-preview":"max-image-preview:large","max-video-preview":"max-video-preview:-1"},"canonical":"https:\/\/msgudjonsdottir.com\/index.php\/hyper-2017\/","og_locale":"en_US","og_type":"article","og_title":"HYPER - CULLBERG BALLET (2017) - MARGRET SARA GUDJONSDOTTIR","og_description":"HYPER (2017)- Cullberg Ballet\u00a0\u00a0 \u00a0 Synopsis &amp; credits &nbsp; \u201cPapa says that I\u2019m a golden child and the whole world\u2019s gonna fall at my feet. It\u2019s all coming to me.\u201d \u00a0Nathalie Merchant With her new commissioned work,\u00a0HYPER, Margret Sara Gudjonsdottir holds up a mirror to the hyper visual and rapid society we live in today, [&hellip;]","og_url":"https:\/\/msgudjonsdottir.com\/index.php\/hyper-2017\/","og_site_name":"MARGRET SARA GUDJONSDOTTIR","article_modified_time":"2022-01-22T14:09:22+00:00","twitter_card":"summary_large_image","twitter_misc":{"Est. reading time":"6 minutes"},"schema":{"@context":"https:\/\/schema.org","@graph":[{"@type":"WebPage","@id":"https:\/\/msgudjonsdottir.com\/index.php\/hyper-2017\/","url":"https:\/\/msgudjonsdottir.com\/index.php\/hyper-2017\/","name":"HYPER - CULLBERG BALLET (2017) - MARGRET SARA GUDJONSDOTTIR","isPartOf":{"@id":"https:\/\/msgudjonsdottir.com\/#website"},"datePublished":"2020-07-30T13:46:00+00:00","dateModified":"2022-01-22T14:09:22+00:00","breadcrumb":{"@id":"https:\/\/msgudjonsdottir.com\/index.php\/hyper-2017\/#breadcrumb"},"inLanguage":"en-US","potentialAction":[{"@type":"ReadAction","target":["https:\/\/msgudjonsdottir.com\/index.php\/hyper-2017\/"]}]},{"@type":"BreadcrumbList","@id":"https:\/\/msgudjonsdottir.com\/index.php\/hyper-2017\/#breadcrumb","itemListElement":[{"@type":"ListItem","position":1,"name":"Home","item":"https:\/\/msgudjonsdottir.com\/"},{"@type":"ListItem","position":2,"name":"HYPER &#8211; CULLBERG BALLET (2017)"}]},{"@type":"WebSite","@id":"https:\/\/msgudjonsdottir.com\/#website","url":"https:\/\/msgudjonsdottir.com\/","name":"MARGRET SARA GUDJONSDOTTIR","description":"","publisher":{"@id":"https:\/\/msgudjonsdottir.com\/#organization"},"potentialAction":[{"@type":"SearchAction","target":{"@type":"EntryPoint","urlTemplate":"https:\/\/msgudjonsdottir.com\/?s={search_term_string}"},"query-input":{"@type":"PropertyValueSpecification","valueRequired":true,"valueName":"search_term_string"}}],"inLanguage":"en-US"},{"@type":"Organization","@id":"https:\/\/msgudjonsdottir.com\/#organization","name":"MARGRET SARA GUDJONSDOTTIR","url":"https:\/\/msgudjonsdottir.com\/","logo":{"@type":"ImageObject","inLanguage":"en-US","@id":"https:\/\/msgudjonsdottir.com\/#\/schema\/logo\/image\/","url":"https:\/\/msgudjonsdottir.com\/wp-content\/uploads\/2020\/06\/msg.png","contentUrl":"https:\/\/msgudjonsdottir.com\/wp-content\/uploads\/2020\/06\/msg.png","width":551,"height":90,"caption":"MARGRET SARA GUDJONSDOTTIR"},"image":{"@id":"https:\/\/msgudjonsdottir.com\/#\/schema\/logo\/image\/"}}]}},"_links":{"self":[{"href":"https:\/\/msgudjonsdottir.com\/index.php\/wp-json\/wp\/v2\/pages\/366","targetHints":{"allow":["GET"]}}],"collection":[{"href":"https:\/\/msgudjonsdottir.com\/index.php\/wp-json\/wp\/v2\/pages"}],"about":[{"href":"https:\/\/msgudjonsdottir.com\/index.php\/wp-json\/wp\/v2\/types\/page"}],"author":[{"embeddable":true,"href":"https:\/\/msgudjonsdottir.com\/index.php\/wp-json\/wp\/v2\/users\/1"}],"replies":[{"embeddable":true,"href":"https:\/\/msgudjonsdottir.com\/index.php\/wp-json\/wp\/v2\/comments?post=366"}],"version-history":[{"count":28,"href":"https:\/\/msgudjonsdottir.com\/index.php\/wp-json\/wp\/v2\/pages\/366\/revisions"}],"predecessor-version":[{"id":1828,"href":"https:\/\/msgudjonsdottir.com\/index.php\/wp-json\/wp\/v2\/pages\/366\/revisions\/1828"}],"wp:attachment":[{"href":"https:\/\/msgudjonsdottir.com\/index.php\/wp-json\/wp\/v2\/media?parent=366"}],"curies":[{"name":"wp","href":"https:\/\/api.w.org\/{rel}","templated":true}]}}